(13 - (22 + 1) - 3) + 6))
17
What is the value of -257 - -196 - (-7 - 21)?
-33
Calculate 144 + -133 + (-2 - -41) + (-1 - 12).
37
-5 + (-345 - -330 - (1 + -26)) - -82
87
(60 - 22 - 32) + (4 - 4 - 2)
4
What is -3 - (-2 + -1) - (-426 + 438)?
-12
What is -546 - -528 - (4 + (0 - (2 + -4 + 4)))?
-20
Evaluate -126 - -147 - (2 + (7 - ((-4 - -4) + 0))).
12
Calculate 10 + (-1 - -35 - 63) - 45.
-64
Calculate -2 + (-1 - -2) + (76 - (-83 - -145)).
13
Calculate -39 - 0 - (-33 + 82 - 55).
-33
Evaluate 1 + -1 + (-1 - -1) - (105 - (207 + -116)).
-14
Evaluate -14 + 2 + -22 + (62 - 40).
-12
What is -22 - (49 - (100 + -15))?
14
(30 - -5) + (71 - 52) + 5
59
What is 605 + -644 - (4 - (14 + 4 - 3))?
-28
Calculate 4 - (-1 - -10 - 5) - (-6 - -15) - 38.
-47
-21 + (-14 - ((44 - 109) + 0 + 2))
28
-219 + 208 + (6 - 8 - -9)
-4
Evaluate 0 + (2 - (-10 + 7)) + -6 + -2.
-3
What is the value of -2 + 1 + 1 - (-2691 + 2679)?
12
Calculate -23 - (-39 - 7 - -30).
-7
What is the value of (745 - 828) + 0 + 109?
26
Evaluate 4 + 7 + (-8 - -18) + 32 + -4 + -10.
39
-16 + (-30 + 58 + -20 - -27)
19
(20 - (17 + -13)) + -16 + 7 + -19
-12
Evaluate -166 - -186 - (7 - (-2 + -1)) - (26 + 3).
-19
254 + -240 - (6 + 11)
-3
What is 42 - ((96 - 47) + 43)?
-50
What is -12 - (29 - (-5 + 147))?
101
What is the value of -1 + 38 - ((295 - 198) + 14)?
-74
What is the value of 15425 + -15365 + (-1 - 0) + 1 + 0 + 1?
61
Calculate (20 - (45 - (-5 + 26))) + -4.
-8
Evaluate -1 + -6 + -9 + (-25 - -75).
34
Evaluate -65 + (63 - -4 - 134).
-132
Evaluate 8 - (0 - (-10 - (-15 - (1 - -7)))).
21
What is -16 + (-3 + -6 + 14 + -17 - -61)?
33
Calculate 23 + -23 + (15 - -72) + -2 + 0.
85
Calculate 40 - ((-1 - (21 + -19)) + 19) - 16.
8
What is 1 + -38 + (21 - (12 - -1)) - -3 - 3?
-29
Calculate (-108 + -36 - -159) + 117.
132
What is 10 - 62 - (-17 - -11)?
-46
Calculate 51 + -46 + -39 + 0 + -8.
-42
What is (-11 - (0 + -8 + (-107 - -111))) + (-7 - -72)?
58
What is the value of 10 + 6 + 1 - (-89 + 115)?
-9
Evaluate -19 + 74 + -73 - (0 - 8).
-10
28 + -37 + 57 + -105
-57
What is (36 - 21) + (46 - (65 + -42))?
38
What is -7 - -109 - (53 + -80 + 48)?
81
What is (1 - 11) + (0 - -44 - 19) + -86 + -11?
-82
What is -2 + -7 + 1 - (45 + -89)?
36
What is 67 - (62 - 32) - 0?
37
-6 + (-27 - -8) - 23 - -13
-35
12 + (-2 + -4 + -298 + 311 - (0 + 15))
4
Calculate -22 - (-108 - -33) - 52.
1
140 + (-3 - (66 - 5))
76
Evaluate -22 - 0 - (-75 - 39 - -165).
-73
What is 3 + (1 - -3) + (127 + -155 - (4 - 20))?
-5
Evaluate 108 + 3 + (22 - (86 - 43) - -38).
128
Evaluate -7 + 13 - 29 - (11 + -9 + 7).
-32
Evaluate -28 - 32 - (-5 - 22).
-33
Evaluate (-3 - 5) + -6 + (11 - (7 + -80) - 3).
67
Evaluate 76 - (-5 - -28 - 25) - 11.
67
Evaluate 0 + -48 - (24 + 26 + -20 + -18).
-60
-30 + ((-1 - -11) + -7 - (-3 + -2))
-22
What is the value of (29 - 44 - -7) + (1 + 1 - (-2 - -1))?
-5
Calculate (2 - -31) + 82 + (-237 - -65).
-57
What is the value of 11 + 28 + 1 + -16 + -19?
5
9 + -10 + 19 + -25 + (1 - 1)
-7
Evaluate 42 - ((-7 - (-14 - (-2 + 4))) + 2 + -14).
45
Evaluate (10 + -5 - -5) + (1307 - 1326).
-9
Calculate 13 + (-10 - (-36 + -1 + 0 + -4)).
44
-105 + 234 + -139 - 89
-99
What is 10 + -8 + -3 + (-7 - -15) + (-2 - 36)?
-31
What is 65 + (-41 - (-108 + 52))?
80
Evaluate (0 - 14 - (-44 - (1 + -57))) + 8.
-18
What is the value of (-45 - -56) + (13 - 35)?
-11
What is the value of 83 - (-4 + (-17 - -138))?
-34
What is the value of (0 - 4) + -5 + (-28 + 35 - (18 + 1))?
-21
What is the value of (-5 - -13) + (-199 - -176 - (-3 - 39))?
27
Calculate 633 + -694 + (-11 - -185).
113
Evaluate -28 + (-10 - -13) + 28 + 31.
34
Evaluate -19 + -9 - -38 - ((-1 - (-36 + -1)) + 3).
-29
What is the value of (8 + -7 - 28) + (12 - 22) - -3?
-34
Evaluate (-22 + 54 - -5) + -33.
4
What is the value of -42 + (-70 - -109) + 25?
22
Calculate 1 + 21 - (127 + -21 + -96).
12
-1 + (8 - 4) + 114 + (-41 - (-9 + -18))
103
What is 2 + -9 + -1 - (27 - (-66 + 19))?
-82
Calculate 75 - (220 - (136 - 55)).
-64
What is -596 + 590 - (0 - -24) - -40?
10
What is the value of -8 - (4 - -1) - (-19 + 26 + -7)?
-13
Calculate -4 + ((-1 - -4) + -1 - (-16 + -10 + 35)).
-11
Calculate -33 - (78 - 104 - (3 + 3 - 15)).
-16
What is -3 - 8 - (-31 + (45 - 81))?
56
Evaluate (-9 - -1 - (31 - (-3 - -38))) + 26 + 4.
26
What is the value of -2 - 6 - (6 + -2 + (-19 - 6))?
13
Calculate 58 + -45 + -49 + 46.
10
1 + 1 + 3 - ((-12 - (13 - 70)) + -4)
-36
Calculate -93 - (-6 + (14 - 62)).
-39
Evaluate (20 - (59 - 95)) + -85.
-29
-7 + 6 + -5 - (-8 + -1 - -41)
-38
Calculate -48 + (50 - -76 - 37).
41
Calculate 163 - (125 - -60) - (-4 + -2).
-16
What is 0 - 35 - (1645 + -1644 - (-4 - -1))?
-39
-19 + 8 - (76 - (10 + 4) - 12)
-61
Calculate (3 + (-6 - 33) - (1 + -13)) + -10.
-34
Evaluate -46 + -1 - (73 + -130 + 48).
-38
Calculate (-71 + 38 - -51) + -105.
-87
Calculate 92 - (14 + 97 + -70).
51
Evaluate -29 - ((-47 - -30) + -12).
0
Calculate (-111 - -75) + 19 + -35.
-52
What is -29 + (-12 - -14) + 24 + 4?
1
-59 - (-82 + 40 + -38)
21
What is the value of (-141 - -42) + 48 + (2 - 1) + -2?
-52
What is -3 - (-27 - (-34 + 13) - (1 - -20))?
24
What is the value of -202 + (299 - 90) - ((-2 - 65) + 3)?
71
What is -25 + -56 + 11 + 52?
-18
What is the value of (-3 - 1) + -13 + 986 + -993?
-24
Calculate (0 + -11 - (56 + -49)) + 24 - -46.
52
Calculate -72 + (6 - ((-2 - (-13 - -2)) + -522 + 517)).
-70
Calculate -54 + -72 + (16 - -110).
0
Calculate 79 + (-11 + 3 - -1 - (-16 + 16)).
72
Calculate 4 - ((3 - 21) + -29).
51
1 + 21 + 0 + -41 - (-1 - 43)
25
What is the value of -15 - (12 - (-5 + 10) - (0 + -2))?
-24
What is the value of -2845 + 2860 + 2 + (-78 - (1 - -2))?
-64
68 - (12 - -109) - (-2 + 25)
-76
What is 14 + -1 + 7 + 5 + -19 + (0 - -1)?
7
What is 86 + -2 + -5 + -2785 + 2824?
118
Calculate 2 + -2 + -2 + 797 + -791 - 24.
-20
What is the value of 3 + -81 + -25 + 44?
-59
(5 - (-22 + 13 - (8 + -1))) + -7
14
What is (257 - -7) + (236 - 384)?
116
-14 - 1 - (-114 - (-262 + 148)) - (1 + 12)
-28
What is (94 - 36) + -76 + -34?
-52
-3 - (0 + 5 + -1) - (693 - 703)
3
Calculate -7 - (39 + -22 + 1 + 2).
-27
What is the value of 15 - ((-8 - -4) + 44 + -11) - 3?
-17
What is (-20 - (-34 - -4) - (10 + 7)) + 65 + 0?
58
Evaluate -83 - (-92 - -82 - 83).
10
What is the value of 15 + (5 - 28) + -10 + (-11 - 3)?
-32
Evaluate -20 - ((-4 - (-16 + (10 - 2))) + -9).
-15
(-134 + 4 + 22 - 0) + 19
-89
What is (5 - (-11 + 3) - 7) + 3 + -35 + -5?
-31
What is 26 - ((2 - (1 - (-1 - 7)) - -24) + -11)?
20
Calculate (112 + -20 + 36 - 36) + 29.
121
0 + 71 + (132 - (-143 - -296))
50
Calculate 23 + 18 + (-71 - -21) + (2 - -4).
-3
What is 69 + -2 - (-6900 + 6998)?
-31
-1 + 25 + 1 - (231 - 229)
23
Calculate 60 - (231 - (36 - -58)).
-77
What is the value of -17 + 12 + (2 - 18 - (-85 + 77))?
-13
Calculate 6 + -13 + 0 - (-2 + 0) - (321 - 298).
-28
What is the value of (49 - 2) + (-3 - (16 - 9 - 4))?
41
Calculate 11 + 0 + (1 - -23) - (-3 + 4).
34
Calculate -39 - 68 - (-39 - -13 - 7).
-74
Calculate 95 - (-84 + 26 + 118).
35
(50 - 3 - -4) + (-214 - -210)
47
What is -56 - (-3 - (-22 + 31 + 1 + -4) - -6)?
-53
Evaluate -16 - (1 - 50 - (-1963 + 1830)).
-100
Calculate 8 + (67 - 85) + (1 + -4 - -10).
-3
What is the value of 29 + (0 - (10 + -20) - 2 - 15)?
22
-42 + (-9 - -2) + (1 - (-19 + 5 - -7))
-41
What is the value of -3 + (19 - -1) + (-187 - -124)?
-46
Evaluate 31 - (-52 + (96 - 56)).
43
-2 + 23 + -12 + 11 + 14 + 1
35
What is 2 - (26 + 5) - (-712 + 744)?
-61
Calculate -10 + (32 - (-16 - -39)) + -41 + -1.
-43
Calculate 2 - (16 + -13) - (0 + 2 - (3 - -30)).
30
What is (-44 - -84 - 17) + (-12 - -1) - 45?
-33
-11 + (53 - 53) + 38 + -1
26
(123 - 120) + 44 + 0 - (-23 - -5)
65
Calculate -3 - ((2 - 16 - (12 - 15)) + -4).
12
What is 3 + 14 + -12 + 5 + -10 + -4 - 76?
-80
Calculate -2 - (17 + (-18 - -9) + 8) - -59.
41
What is (-20 + 77 - 58) + -5?
-6
Evaluate (0 + 4 - 3) + -1553 + 1619 + (-1 - -10).
76
Evaluate 9 + -8 + 52 - (-719 + 739).
33
What is 32 + (-7 - (-13 + 14)) + (-6 - -9)?
27
Calculate (27 - (-8 - -19 - 21)) + -1 + 17.
53
What is the value of -218 - (-44 - 106) - (25 + 2)?
-95
What is the value of 14 + (-97 - -25) + (0 - 0) + -17?
-75
What is the value of (-8 - (-2 + -4 + 1)) + (-143 - -123)?
-23
41 - (26 + 61) - -43
-3
Evaluate 7 + -5 + (2 - 2) + (-1 - (6 + -2)).
-3
-63 - ((-24 - -14) + -58)
5
Calculate